{"id":54,"date":"2017-03-08T22:52:53","date_gmt":"2017-03-08T21:52:53","guid":{"rendered":"https:\/\/www.fvenergia.pl\/?page_id=54"},"modified":"2023-03-26T19:01:13","modified_gmt":"2023-03-26T17:01:13","slug":"doswiadczenia-experience","status":"publish","type":"page","link":"https:\/\/www.fvenergia.pl\/?page_id=54","title":{"rendered":"do\u015bwiadczenia \/ experience"},"content":{"rendered":"\n<h2 class=\"wp-block-heading\"><strong>Wymeswold 33 MW<\/strong><br><a href=\"https:\/\/www.fvenergia.pl\/wp-content\/uploads\/2017\/03\/wymeswold_small.jpg\"><img loading=\"lazy\" decoding=\"async\" class=\"alignnone size-large wp-image-78\" src=\"https:\/\/www.fvenergia.pl\/wp-content\/uploads\/2017\/03\/wymeswold_small-1024x683.jpg\" alt=\"\" width=\"640\" height=\"427\" srcset=\"https:\/\/www.fvenergia.pl\/wp-content\/uploads\/2017\/03\/wymeswold_small-1024x683.jpg 1024w, https:\/\/www.fvenergia.pl\/wp-content\/uploads\/2017\/03\/wymeswold_small-300x200.jpg 300w, https:\/\/www.fvenergia.pl\/wp-content\/uploads\/2017\/03\/wymeswold_small-768x513.jpg 768w, https:\/\/www.fvenergia.pl\/wp-content\/uploads\/2017\/03\/wymeswold_small-750x500.jpg 750w\" sizes=\"(max-width: 640px) 100vw, 640px\" \/><\/a><\/h2>\n\n\n\n<h2 class=\"wp-block-heading\"><strong>Stradishall 30 MW<\/strong><br><a href=\"https:\/\/www.fvenergia.pl\/wp-content\/uploads\/2017\/03\/stradishall_small.jpg\"><img loading=\"lazy\" decoding=\"async\" class=\"alignnone size-large wp-image-79\" src=\"https:\/\/www.fvenergia.pl\/wp-content\/uploads\/2017\/03\/stradishall_small-1024x683.jpg\" alt=\"\" width=\"640\" height=\"427\" srcset=\"https:\/\/www.fvenergia.pl\/wp-content\/uploads\/2017\/03\/stradishall_small-1024x683.jpg 1024w, https:\/\/www.fvenergia.pl\/wp-content\/uploads\/2017\/03\/stradishall_small-300x200.jpg 300w, https:\/\/www.fvenergia.pl\/wp-content\/uploads\/2017\/03\/stradishall_small-768x513.jpg 768w, https:\/\/www.fvenergia.pl\/wp-content\/uploads\/2017\/03\/stradishall_small-750x500.jpg 750w\" sizes=\"(max-width: 640px) 100vw, 640px\" \/><\/a><\/h2>\n\n\n\n<h2 class=\"wp-block-heading\"><strong>zak\u0142ady mi\u0119sne Tulip 1,3 MW \/ <\/strong><strong>Tulip meat processing factory 1,3 MW<\/strong><br><a href=\"https:\/\/www.fvenergia.pl\/wp-content\/uploads\/2017\/03\/Tulip_2.jpg\"><img loading=\"lazy\" decoding=\"async\" class=\"alignnone size-large wp-image-61\" src=\"https:\/\/www.fvenergia.pl\/wp-content\/uploads\/2017\/03\/Tulip_2-1024x683.jpg\" alt=\"\" width=\"640\" height=\"427\" srcset=\"https:\/\/www.fvenergia.pl\/wp-content\/uploads\/2017\/03\/Tulip_2-1024x683.jpg 1024w, https:\/\/www.fvenergia.pl\/wp-content\/uploads\/2017\/03\/Tulip_2-300x200.jpg 300w, https:\/\/www.fvenergia.pl\/wp-content\/uploads\/2017\/03\/Tulip_2-768x512.jpg 768w, https:\/\/www.fvenergia.pl\/wp-content\/uploads\/2017\/03\/Tulip_2-750x500.jpg 750w\" sizes=\"(max-width: 640px) 100vw, 640px\" \/><\/a><\/h2>\n\n\n\n<h2 class=\"wp-block-heading\">oczyszczalnia \u015bciek\u00f3w Gda\u0144sk 12 MW projekt\/12 MW design sewage treatment plant Gda\u0144sk<\/h2>\n\n\n\n<figure class=\"wp-block-image size-large\"><img loading=\"lazy\" decoding=\"async\" width=\"1024\" height=\"576\" src=\"https:\/\/www.fvenergia.pl\/wp-content\/uploads\/2023\/03\/720-1024x576.jpg\" alt=\"\" class=\"wp-image-276\" srcset=\"https:\/\/www.fvenergia.pl\/wp-content\/uploads\/2023\/03\/720-1024x576.jpg 1024w, https:\/\/www.fvenergia.pl\/wp-content\/uploads\/2023\/03\/720-300x169.jpg 300w, https:\/\/www.fvenergia.pl\/wp-content\/uploads\/2023\/03\/720-768x432.jpg 768w, https:\/\/www.fvenergia.pl\/wp-content\/uploads\/2023\/03\/720.jpg 1280w\" sizes=\"(max-width: 1024px) 100vw, 1024px\" \/><\/figure>\n","protected":false},"excerpt":{"rendered":"<p>Wymeswold 33 MW Stradishall 30 MW zak\u0142ady mi\u0119sne Tulip 1,3 MW \/ Tulip meat processing factory 1,3 MW oczyszczalnia \u015bciek\u00f3w Gda\u0144sk 12 MW projekt\/12 MW design sewage treatment plant Gda\u0144sk<\/p>\n","protected":false},"author":1,"featured_media":0,"parent":0,"menu_order":0,"comment_status":"closed","ping_status":"closed","template":"template-fullwidth.php","meta":{"_monsterinsights_skip_tracking":false,"_monsterinsights_sitenote_active":false,"_monsterinsights_sitenote_note":"","_monsterinsights_sitenote_category":0,"footnotes":""},"_links":{"self":[{"href":"https:\/\/www.fvenergia.pl\/index.php?rest_route=\/wp\/v2\/pages\/54"}],"collection":[{"href":"https:\/\/www.fvenergia.pl\/index.php?rest_route=\/wp\/v2\/pages"}],"about":[{"href":"https:\/\/www.fvenergia.pl\/index.php?rest_route=\/wp\/v2\/types\/page"}],"author":[{"embeddable":true,"href":"https:\/\/www.fvenergia.pl\/index.php?rest_route=\/wp\/v2\/users\/1"}],"replies":[{"embeddable":true,"href":"https:\/\/www.fvenergia.pl\/index.php?rest_route=%2Fwp%2Fv2%2Fcomments&post=54"}],"version-history":[{"count":23,"href":"https:\/\/www.fvenergia.pl\/index.php?rest_route=\/wp\/v2\/pages\/54\/revisions"}],"predecessor-version":[{"id":282,"href":"https:\/\/www.fvenergia.pl\/index.php?rest_route=\/wp\/v2\/pages\/54\/revisions\/282"}],"wp:attachment":[{"href":"https:\/\/www.fvenergia.pl\/index.php?rest_route=%2Fwp%2Fv2%2Fmedia&parent=54"}],"curies":[{"name":"wp","href":"https:\/\/api.w.org\/{rel}","templated":true}]}}