{"id":56,"date":"2017-03-08T22:54:21","date_gmt":"2017-03-08T21:54:21","guid":{"rendered":"https:\/\/www.fvenergia.pl\/?page_id=56"},"modified":"2017-03-09T00:39:14","modified_gmt":"2017-03-08T23:39:14","slug":"produktywnosc-productivity","status":"publish","type":"page","link":"https:\/\/www.fvenergia.pl\/?page_id=56","title":{"rendered":"produktywno\u015b\u0107 \/ productivity"},"content":{"rendered":"<h3>przyk\u0142adowa analiza planowanej instalacji dla ch\u0142odni sk\u0142adowej<\/h3>\n<h3>PV productivity vs. usage cold store plant (system planned)<\/h3>\n<p><a href=\"https:\/\/www.fvenergia.pl\/wp-content\/uploads\/2017\/03\/1MW_PL.png\"><img loading=\"lazy\" decoding=\"async\" class=\"alignnone size-full wp-image-57\" src=\"https:\/\/www.fvenergia.pl\/wp-content\/uploads\/2017\/03\/1MW_PL.png\" alt=\"\" width=\"1771\" height=\"1062\" srcset=\"https:\/\/www.fvenergia.pl\/wp-content\/uploads\/2017\/03\/1MW_PL.png 1771w, https:\/\/www.fvenergia.pl\/wp-content\/uploads\/2017\/03\/1MW_PL-300x180.png 300w, https:\/\/www.fvenergia.pl\/wp-content\/uploads\/2017\/03\/1MW_PL-768x461.png 768w, https:\/\/www.fvenergia.pl\/wp-content\/uploads\/2017\/03\/1MW_PL-1024x614.png 1024w\" sizes=\"(max-width: 1771px) 100vw, 1771px\" \/><\/a><\/p>\n","protected":false},"excerpt":{"rendered":"<p>przyk\u0142adowa analiza planowanej instalacji dla ch\u0142odni sk\u0142adowej PV productivity vs. usage cold store plant (system planned)<\/p>\n","protected":false},"author":1,"featured_media":0,"parent":0,"menu_order":3,"comment_status":"closed","ping_status":"closed","template":"template-fullwidth.php","meta":{"_monsterinsights_skip_tracking":false,"_monsterinsights_sitenote_active":false,"_monsterinsights_sitenote_note":"","_monsterinsights_sitenote_category":0,"footnotes":""},"_links":{"self":[{"href":"https:\/\/www.fvenergia.pl\/index.php?rest_route=\/wp\/v2\/pages\/56"}],"collection":[{"href":"https:\/\/www.fvenergia.pl\/index.php?rest_route=\/wp\/v2\/pages"}],"about":[{"href":"https:\/\/www.fvenergia.pl\/index.php?rest_route=\/wp\/v2\/types\/page"}],"author":[{"embeddable":true,"href":"https:\/\/www.fvenergia.pl\/index.php?rest_route=\/wp\/v2\/users\/1"}],"replies":[{"embeddable":true,"href":"https:\/\/www.fvenergia.pl\/index.php?rest_route=%2Fwp%2Fv2%2Fcomments&post=56"}],"version-history":[{"count":5,"href":"https:\/\/www.fvenergia.pl\/index.php?rest_route=\/wp\/v2\/pages\/56\/revisions"}],"predecessor-version":[{"id":102,"href":"https:\/\/www.fvenergia.pl\/index.php?rest_route=\/wp\/v2\/pages\/56\/revisions\/102"}],"wp:attachment":[{"href":"https:\/\/www.fvenergia.pl\/index.php?rest_route=%2Fwp%2Fv2%2Fmedia&parent=56"}],"curies":[{"name":"wp","href":"https:\/\/api.w.org\/{rel}","templated":true}]}}