{"id":80,"date":"2017-03-09T00:08:18","date_gmt":"2017-03-08T23:08:18","guid":{"rendered":"https:\/\/www.fvenergia.pl\/?page_id=80"},"modified":"2023-03-17T00:23:20","modified_gmt":"2023-03-16T23:23:20","slug":"partnerzy-partners","status":"publish","type":"page","link":"https:\/\/www.fvenergia.pl\/?page_id=80","title":{"rendered":"partnerzy \/ partners"},"content":{"rendered":"<h3>partnerzy regionalni<\/h3>\n<p><a href=\"https:\/\/www.contentsystems.pl\/\">contentsystems.pl<\/a><\/p>\n<h3>Corab &#8211; producent system\u00f3w monta\u017cowych i dystrybutor komponent\u00f3w PV<\/h3>\n<p><a href=\"https:\/\/corab.pl\/\">corab.pl<\/a><\/p>\n\n\n<h3 class=\"wp-block-heading\">nasz think tank &#8211; elektroprosumeryzm teraz<\/h3>\n\n\n\n<p><a href=\"http:\/\/ppte2050.pl\/platforman\/index.php\">http:\/\/ppte2050.pl\/platforman\/index.php<\/a><\/p>\n\n\n\n<p><\/p>\n","protected":false},"excerpt":{"rendered":"<p>partnerzy regionalni contentsystems.pl Corab &#8211; producent system\u00f3w monta\u017cowych i dystrybutor komponent\u00f3w PV corab.pl nasz think tank &#8211; elektroprosumeryzm teraz http:\/\/ppte2050.pl\/platforman\/index.php<\/p>\n","protected":false},"author":1,"featured_media":0,"parent":0,"menu_order":1,"comment_status":"closed","ping_status":"closed","template":"template-fullwidth.php","meta":{"_monsterinsights_skip_tracking":false,"_monsterinsights_sitenote_active":false,"_monsterinsights_sitenote_note":"","_monsterinsights_sitenote_category":0,"footnotes":""},"_links":{"self":[{"href":"https:\/\/www.fvenergia.pl\/index.php?rest_route=\/wp\/v2\/pages\/80"}],"collection":[{"href":"https:\/\/www.fvenergia.pl\/index.php?rest_route=\/wp\/v2\/pages"}],"about":[{"href":"https:\/\/www.fvenergia.pl\/index.php?rest_route=\/wp\/v2\/types\/page"}],"author":[{"embeddable":true,"href":"https:\/\/www.fvenergia.pl\/index.php?rest_route=\/wp\/v2\/users\/1"}],"replies":[{"embeddable":true,"href":"https:\/\/www.fvenergia.pl\/index.php?rest_route=%2Fwp%2Fv2%2Fcomments&post=80"}],"version-history":[{"count":26,"href":"https:\/\/www.fvenergia.pl\/index.php?rest_route=\/wp\/v2\/pages\/80\/revisions"}],"predecessor-version":[{"id":235,"href":"https:\/\/www.fvenergia.pl\/index.php?rest_route=\/wp\/v2\/pages\/80\/revisions\/235"}],"wp:attachment":[{"href":"https:\/\/www.fvenergia.pl\/index.php?rest_route=%2Fwp%2Fv2%2Fmedia&parent=80"}],"curies":[{"name":"wp","href":"https:\/\/api.w.org\/{rel}","templated":true}]}}